ded by s.
0
Let c = 7 - 3. Suppose -l = -14 - c. What is the remainder when 35 is divided by l?
17
Let p = 151 - 104. What is the remainder when p is divided by 18?
11
Let m(o) = 34*o**2 + 3*o + 1. Let h = 11 - 9. Suppose 0 = -u - u - h. Calculate the remainder when m(u) is divided by 11.
10
Let j(v) = 35*v. Let n(f) = -70*f. Let g(c) = -5*j(c) - 3*n(c). Let r be -3 - (-7)/(14/8). What is the remainder when g(r) is divided by 9?
8
Suppose d + 7*a = 8*a - 9, 5*d - 2*a = -54. Let z = d - -27. Calculate the remainder when 58 is divided by z.
13
Let s(u) = -u**3 + 3*u**2 + 4*u + 3. Let a = 54 - 7. Suppose -3*r + a = -79. Calculate the remainder when r is divided by s(-2).
12
Let z(v) = 10 - 12 + v + 17. Calculate the remainder when 20 is divided by z(-7).
4
Let h(u) = -u**3 - 5*u**2 + 54*u + 20. Calculate the remainder when h(-11) is divided by 31.
28
Suppose -22*m + 13*m = -2475. Calculate the remainder when m is divided by 89.
8
Let b(k) = k**2 + 4*k + 1. Let w be b(-4). Calculate the remainder when 46 is divided by 7 + (w - 3) - -3.
6
Let j = -82 + 301. Suppose 12*q = 9*q + j. What is the remainder when q is divided by 19?
16
Let t(s) = 5*s**2 - 5*s + 3. Let d(l) = -l**3 - 5*l**2 - 9*l + 1. Let r be d(-4). What is the remainder when t(4) is divided by (r - 1) + 0 + 0 + -4?
15
Let q(i) = -72*i + 5624. Let n = 101 - 70. Calculate the remainder when n is divided by q(78).
7
What is the remainder when -1*(111/(-6))/((-4)/(-8)) is divided by 9?
1
Let x = -10 + 11. Let y(r) = -2*r - 14. Let n be y(-7). Let g = n + x. Calculate the remainder when 2 is divided by g.
0
Suppose -3*a + 24 = -3*w, 5*a + 3*w = -0*a + 40. Let d = 51 + -28. Calculate the remainder when d is divided by 12 + 1/((-4)/a*-2).
10
Suppose 0 = v - 2*f - 2*f + 11, -4*v + 4*f + 16 = 0. Suppose v*h - 11*h = -20. Suppose -2 = i - h. What is the remainder when 31 is divided by i?
7
Let l(d) = -4*d - 6. Let t(z) = -3*z**3 - 35*z**2 + 9*z - 32. Calculate the remainder when l(-4) is divided by t(-12).
2
Let r(z) = -z + 12. Let k be r(10). Suppose -2*o - f = -8, -6 = -4*o + k*o - 2*f. Suppose -4*j + 21 - o = 0. Calculate the remainder when 9 is divided by j.
1
Suppose u + 18 = 3*d + 1, 0 = -3*d - 5*u + 23. Suppose -3*p + 15 = -3*q, 3*p + 3*q = -0*p - 9. Calculate the remainder when (-2 - -1) + 12/d is divided by p.
0
Let f(q) be the third derivative of q**5/15 + q**4/8 + 2*q**3/3 + q**2. Let d = -28 + 25. Calculate the remainder when f(d) is divided by 16.
15
Let c(u) = -21*u + 2. What is the remainder when c(-2) is divided by (18/(-18))/(17/(-255))?
14
Let l(x) = 53*x - 74. Calculate the remainder when 415 is divided by l(2).
31
Let w(l) = 2*l**2 - 33*l - 58. Calculate the remainder when w(21) is divided by 28.
19
Let h(l) = -l**3 + 4*l**2 + 3*l - 6. Let s be h(4). Let g = 3 - s. Calculate the remainder when (1 + (18 - g))*2 is divided by 15.
14
Let c = 120 - -7. Calculate the remainder when c is divided by 45.
37
Calculate the remainder when 157 is divided by -6 - 952/(-161) - 2003/(-23).
70
Let a = 15 + -6. Let l = -62 + 44. Let v = 6 - l. What is the remainder when v is divided by a?
6
Let d = 32 - 18. Let y(r) = -r**3 + 10*r**2 + r - 10. Let u be y(10). Let k = u + 4. Calculate the remainder when d is divided by k.
2
Suppose -38*r + 34*r + 300 = 0. Calculate the remainder when r is divided by 3.
0
Suppose -14*x = -147 - 469. Calculate the remainder when 170 is divided by x.
38
Let r(w) = -14*w - 6. Let u(s) = -s. Let d(c) = r(c) - 3*u(c). Let q(p) = p + 6. Let x be q(-14). Calculate the remainder when d(x) is divided by 28.
26
Suppose -g - v = -301, -v = -6*v + 25. Suppose 16*u - g = 12*u. Calculate the remainder when u is divided by 19.
17
Let h(z) = -z**3 + 9*z**2 + 12*z + 7. Let c be h(10). Let y be 100/(-6) - 36/c. Let w = 31 + y. What is the remainder when w is divided by 7?
6
Let c = 118 + 313. What is the remainder when c is divided by 12?
11
Let y be -108 + ((-45)/27 - 2/6). Let d = y - -171. What is the remainder when d is divided by 22?
17
Calculate the remainder when 135 is divided by (24/1)/(57/38).
7
Calculate the remainder when 26 + (-8 - (-6 - 0)) + 5 is divided by 12.
5
Let m(d) = 2*d**2 - 13*d - 13. Calculate the remainder when 33 is divided by m(8).
0
Let g(v) = 6*v + 1. Suppose d = 3*d + 4*b - 46, 5*d + 3*b = 101. Calculate the remainder when d is divided by g(1).
5
Let t = -237 + 272. Calculate the remainder when 172 is divided by t.
32
Suppose 10*z - 72 = -2. Calculate the remainder when 35 is divided by z.
0
Let g = 67 + -41. Suppose -5*k + 33 = -107. Let b = k + -21. What is the remainder when g is divided by b?
5
Let y(h) = 6*h - 1. Let u(t) = 5*t. Let k(l) = -4*u(l) + 3*y(l). Suppose -2 = -3*o - 5*p + 42, -p - 12 = -o. What is the remainder when o is divided by k(-5)?
6
Let x = -207 - -436. Calculate the remainder when x is divided by 78.
73
Suppose 22*f = 23*f - 33. What is the remainder when f is divided by -8 - -22 - (8*1)/(-2)?
15
Suppose m - 6*m - 5*b + 170 = 0, b - 2 = 0. Calculate the remainder when 114 is divided by m.
18
Suppose 59 - 60 = -j - c, 37 = 2*j - 5*c. Calculate the remainder when 292 is divided by j.
4
Let g be 20/(-90) - ((-58)/18 + 0). Suppose 5*m - 15 = 0, 87 = 4*s - g*m - 48. Calculate the remainder when 103 is divided by s.
31
Let d = -278 + 354. Calculate the remainder when d is divided by 40.
36
Let k be (64/(-36) - (-6)/(-27)) + -79. Let g = 99 + k. What is the remainder when g is divided by 7?
4
Let b = 5 - -4. Let x = -12 + 10. Let d = x + 19. What is the remainder when d is divided by b?
8
Suppose -2*q + l = -54, 4*l - 4 = -12. Calculate the remainder when 304 is divided by q.
18
Let s(v) = -v**3 + 8*v**2 - 8*v + 20. What is the remainder when s(6) is divided by 3?
2
Let z(a) = 25*a**2 + 3*a. Let j be z(3). Let k = -147 + j. Calculate the remainder when k is divided by 45.
42
Suppose 4*f + 75 = -f. What is the remainder when 60 is divided by f + 18 + 17 + 1?
18
Let c(v) = -3*v + 26. What is the remainder when 111 is divided by c(-4)?
35
Suppose -5*j = -j - y - 23, 5*j = -4*y + 55. Suppose 4*l - 3*l - 2 = 0. Calculate the remainder when (-40)/6*(-6)/l is divided by j.
6
Suppose -19 = 5*i - 64. Suppose 0 = -3*b - 4*p + i, 0 = p + p. Calculate the remainder when 12 is divided by 23/b - (-1)/3.
4
Let h(k) = -k + 4. Let r be h(2). Let f = 20 - r. What is the remainder when 71 is divided by f?
17
Let u = 9 + -6. Let f be ((-160)/(-6) - 2)*u. Suppose -5*t + 62 = 4*a, 2*a - f + 28 = 5*t. What is the remainder when a is divided by 10?
8
Let z(a) = a**2 - 5*a - 4. Let l = 16 + -26. Let n = l + 6. Calculate the remainder when z(n) is divided by 12.
8
Let v = -174 + 193. Calculate the remainder when 52 is divided by v.
14
Suppose -5*g - 360 = -2*g. Let l(v) = -1019*v - 8140. Calculate the remainder when (1/(-2))/(2/g) is divided by l(-8).
6
Let w(g) = -3*g**2 - 36*g - 24. Let m(i) = -60*i**3 - i**2 - 2*i - 1. Calculate the remainder when m(-1) is divided by w(-11).
6
Let y(o) = o**3 + 10*o**2 + 7*o - 12. Let f be y(-9). Let v = f - -5. Calculate the remainder when 40/(-15)*-18*5/8 is divided by v.
8
Let l = 26 - 18. Suppose -2*s - 469 = -5*g, g + 0*s + s - 98 = 0. Let f = g - 64. What is the remainder when f is divided by l?
7
Suppose 3*z + 3*c - 1429 = -z, 3*z - 2*c = 1076. Calculate the remainder when z is divided by 60.
58
Suppose 0 = 2*q + 2 + 8. Let n(r) = -r**3 - 4*r**2 - 7. Calculate the remainder when 71 is divided by n(q).
17
Suppose 2*v = -5*u + 3*v - 136, -2*u + 2*v - 48 = 0. Let o = 41 - u. What is the remainder when o is divided by 39?
30
Let w = 5 + -3. Let o(a) = 10*a**2 - a - 1. Let s be o(-1). Suppose -s = -12*j + 7*j. What is the remainder when j is divided by w?
0
What is the remainder when ((-1748)/138)/((-2)/15) is divided by 35?
25
Suppose -1187 = 29*i - 2869. Calculate the remainder when 203 is divided by i.
29
Suppose 12 - 147 = -5*g. What is the remainder when 5/(-3) + -6*395/(-45) is divided by g?
24
Calculate the remainder when (-21)/35 - (-8892)/20 is divided by 25.
19
Let l = 6 - 6. Suppose 0 = -l*a + 4*a + 3*i - 35, 4*a - 36 = -4*i. What is the remainder when 14 is divided by a?
6
Suppose 2*t + 67*i - 50 = 66*i, -155 = -5*t + 5*i. What is the remainder when 79 is divided by t?
25
Let u(k) = 3*k**2 - 6*k + 2*k 